highest common divisor of d and 17?
17
Let z(v) = v**2 + 31*v - 22. Let y be z(-32). Calculate the greatest common factor of 4 and y.
2
Let i = -1009 + 1018. Let z(c) be the first derivative of c**2/2 + 15*c - 1. Let v be z(i). Calculate the greatest common divisor of v and 36.
12
Suppose 5*t = -2*u + 5, 0 = -3*u + 2*u + 2*t - 2. Suppose -2*p + 34 = 4*w - u*w, -w = 1. Calculate the highest common divisor of p and 304.
19
Suppose -3*p + 41 + 24 = 5*x, x = 1. Let j be ((-6)/(-12))/(1/8). Suppose 0 = -j*y + 128 - 48. What is the highest common divisor of y and p?
20
Let y(p) = -p**2 - 10*p + 13. Let q be 371/(-42) - (-1)/(-6). Let m be y(q). Calculate the highest common divisor of 33 and m.
11
Suppose 3*k - 156 = -3*t, -k + 49 = -t - 1. Calculate the highest common divisor of k and 68.
17
Let u = 1933 + -1675. What is the highest common divisor of 129 and u?
129
Let x be 24 + (-1)/2*8. Let m = 29 - x. What is the highest common factor of 63 and m?
9
Suppose -2*n - 218 = -2*z - 4*n, -3*z - 2*n + 330 = 0. Let h(w) = -12*w - 70. Let l be h(-7). What is the highest common divisor of l and z?
14
Suppose 3*c - 3*k - 732 + 60 = 0, 4*k - 4 = 0. Suppose 0 = -9*w + 24 + 201. What is the greatest common divisor of c and w?
25
Let q = -28 - -26. Let o be (-3)/q*(-96)/(-9). What is the highest common divisor of o and 16?
16
Let u(b) = -b**2 + 2*b + 24. Let v be u(-8). Let a = -46 - v. Calculate the highest common divisor of 180 and a.
10
Suppose 613 = 3*w + 13. Calculate the highest common divisor of 25 and w.
25
Let g(s) = s**2 + s + 16. Let d be g(0). Suppose d - 18 = 2*t. Let v = 2 + t. Calculate the greatest common factor of v and 9.
1
Let q = 12 + -7. Suppose 5*w - 3*m = -2 + 9, q*m - 5 = 0. Suppose -w = o, -x + o + 52 = -o. Calculate the greatest common factor of x and 12.
12
Let a be (7 - -5) + -2 + 0. Suppose a = g + g. Suppose l + 127 = 3*l - 3*h, -2*l = -g*h - 137. What is the highest common divisor of 14 and l?
14
Let h be 94/11 + 330/(-605). What is the highest common divisor of 8 and h?
8
Let w(r) = 27*r - 1. Let k be w(1). Let x = -26 + k. Let o(z) = z**3 + z**2 - z + 22. Let b be o(x). Calculate the greatest common divisor of b and 198.
22
Let j(a) = 67*a + 452. Let p be j(-5). Calculate the highest common factor of 468 and p.
117
Suppose -28 = -w - z - 3*z, 2*z + 10 = w. What is the highest common divisor of w and 368?
16
Let z be 4*4 - 9/9. Suppose z = 4*x + x. Let f be x + 2 - 2 - -13. Calculate the greatest common factor of 80 and f.
16
Suppose -26*r + 63*r = 8029. Calculate the highest common divisor of r and 62.
31
Let k = -767 + 506. Let d = 404 + k. Calculate the highest common factor of 13 and d.
13
Let s(v) = 3*v. Let a be s(1). Suppose 2*y = 2*g - 6*g - 22, 5*g = a*y. Let t be (-43)/y + 15/(-25). What is the highest common factor of 4 and t?
4
Suppose -2*u = 4*w - 13 - 49, 2*u + 28 = 2*w. What is the greatest common factor of w and 335?
5
Let k(d) = 80*d**3 - 5*d**2 + 6*d - 1. Let u be k(1). What is the highest common divisor of 180 and u?
20
Suppose -65 = x - 3*z, 0 = -4*z + z + 12. Let n = x - -62. Calculate the highest common factor of n and 45.
9
Let f = -1875 + 2190. What is the highest common divisor of f and 135?
45
Suppose 96 = 11*u - 7*u. Calculate the highest common factor of u and 204.
12
Let g = -386 + 485. Calculate the greatest common divisor of g and 33.
33
Let w = 49 - 43. Let c(k) = 8*k + 18. Let a be c(w). Calculate the highest common factor of 99 and a.
33
Suppose 27*v - 24*v = -6. Let p(t) = -13*t + 8. Let g be p(v). Calculate the greatest common divisor of 17 and g.
17
Suppose 0 = -x + 5*x - 164. Suppose -5 = 4*a - x. Suppose 10*d = a*d + 9. Calculate the greatest common divisor of 6 and d.
3
Let h be (1 - 2)*(-4)/2. Suppose -x + h = -2. Let k = 2410 - 2366. Calculate the highest common divisor of x and k.
4
Let z(y) = -2*y**2 - 3*y - 4. Let d be z(3). Let f = d - -52. Suppose -59 = -4*k + f. Calculate the highest common divisor of 30 and k.
10
Suppose -299 - 646 = -15*l. Calculate the highest common factor of 21 and l.
21
Let v(z) = -z**2 + 6*z + 12. Let s be 76/16 + 10/8. Let k be v(s). Calculate the greatest common factor of 60 and k.
12
Let p(u) = u**2 + 2*u. Let w be p(-3). Let v be w/12 + (-22)/(-8). Suppose -v*h + 2*m = -90, 2*h - 8 - 41 = 5*m. What is the greatest common divisor of h and 4?
4
Suppose -2 = -t + 1. Suppose -2*g = -2*o + 5*o - 7, 5*g + t*o = -5. Let z be g + 5 + 4/1. Calculate the greatest common factor of 10 and z.
5
Suppose 4*l + 50 = 18. Let s = l - -23. Calculate the greatest common factor of 165 and s.
15
Suppose 2*j + 3*j = -35. Let s(d) = -14*d - 10. Let m be s(j). Calculate the highest common factor of m and 8.
8
Let i be (0 + -2 - -3)*-26. Let o = i - -143. What is the highest common factor of 13 and o?
13
Suppose -y = -5*q - 45, -5*y + q = 4*q - 85. Let c be 4*3/2 - 2. Let r be 21*1 + (-4)/c. Calculate the greatest common divisor of y and r.
20
Let p(l) = l**3 - 15*l**2 - 16*l + 3. Let m = 58 - 42. Let f be p(m). What is the highest common factor of f and 3?
3
Let m(v) = v**3 + 8*v**2 + 5*v - 9. Let n be m(-7). Suppose 0 = -d - 0*s - s + 10, 0 = 4*d - n*s - 67. Calculate the greatest common divisor of d and 52.
13
Let w be (-12 + 44)*(0 - -7). Calculate the highest common divisor of w and 32.
32
Let u(x) = -6*x - 1. Let c(f) = f. Let j(v) = 4*c(v) - u(v). Let s be j(-3). Let o = s + 42. What is the highest common divisor of o and 13?
13
Let h = -71 + 68. Let s be (18/(-12))/(h*(-1)/(-200)). What is the highest common divisor of s and 40?
20
Suppose 5*h - 4*o + 2*o = 5, -4*h + 2*o = -6. Suppose -118*w + 117*w = -17. Let y = w - h. What is the highest common divisor of y and 2?
2
Suppose 3*f + 5*h + 54 = -68, -3*f + 4*h - 113 = 0. Let z = 62 + f. What is the greatest common divisor of z and 23?
23
Suppose -206 = -4*t - 38. Suppose -8*i + 38 = -t. Let l = -13 + 103. Calculate the greatest common factor of i and l.
10
Let w be 9/(-6)*2 - 12. Let b be (-36)/w*500/15. Suppose -4*z + 46 = 3*v, 5*z = 5*v - 15 - 15. Calculate the greatest common factor of b and v.
10
Let i = 9 - 4. Let y(m) = m**2 + 3*m - 26. Let l be y(-7). Suppose 4*k - l*c + 3*c - 18 = 0, 0 = -c - 2. What is the greatest common divisor of k and i?
5
Let h = -11 + 7. Let l be (h/8)/(3/78). Let q be (l/(-3))/(9/27). What is the greatest common factor of 104 and q?
13
Suppose -2*f + 277 = -465. Calculate the highest common factor of f and 53.
53
Suppose 5*o + 2 = 4*o. Let w be ((-49)/(-35))/(o/(-10)). What is the highest common factor of 49 and w?
7
Let j be ((4 - 7) + 2 + -2)*-3. Let n be (1 - (-86)/(-5))*(-10)/2. What is the highest common divisor of j and n?
9
Let f = 1094 - 775. Calculate the greatest common factor of f and 22.
11
Suppose -3*p - 3*r + 711 = 0, -4*p + 975 = -3*r - 2*r. Suppose 6*f - p = -2*f. Calculate the greatest common divisor of f and 12.
6
Let p be 21/((-30)/(-10)*1/7). Calculate the greatest common factor of p and 217.
7
Suppose 5*f - 3*f = 12. Suppose -m = -29 + 11. Let y = m - 3. What is the highest common factor of y and f?
3
Let y be 6*(2 - (-2)/(-4)). Let q be 6/(-21) - 128/(-7). Calculate the greatest common divisor of y and q.
9
Let t = 40 + 28. Calculate the highest common divisor of 102 and t.
34
Suppose -4*y = j - 15, 0 = -4*j + 2*j + 2*y. Suppose w = -4*o + j*o + 138, -5*o + 725 = -2*w. Calculate the greatest common factor of o and 22.
11
Let m be (-880)/(-12) + 10/6. Let p = -44 - -69. What is the greatest common divisor of p and m?
25
Let o(m) = m + 13. Let r be ((-21)/(-14))/(1/(-2)). Let l be o(r). What is the highest common divisor of l and 10?
10
Let k(a) = a**3 + 22*a**2 + 19*a - 36. Let i be k(-21). Suppose 72 = -i*w + 9*w. Calculate the highest common factor of 60 and w.
12
Let p be (67 + -1 + 2)*(2 - -6). What is the greatest common factor of p and 17?
17
Let s be (2*(-182)/20)/((-471)/16485). Calculate the highest common factor of s and 26.
13
Let g = 22 + 2. Let i(p) be the first derivative of 2*p**2 - 12*p + 4. Let z be i(5). What is the greatest common factor of g and z?
8
Suppose -272 = 20*h - 932. Calculate the greatest common divisor of h and 759.
33
Let o(z) = z + 3. Let h be o(-1). Suppose 90 = h*l - 64. What is the highest common divisor of 11 and l?
11
Suppose -